40*z + 605740. What is j(-17)?
149
Let t(a) = 2170*a + 193125. What is t(-89)?
-5
Let x(y) = -1441218*y + 2882429. Calculate x(2).
-7
Let o(m) = -2*m**2 + 303*m + 1531. Determine o(156).
127
Let p(i) = -2*i**2 + 206*i - 2570. Determine p(85).
490
Let i(g) = g**3 - 6*g**2 - 401*g - 49. What is i(21)?
-1855
Let m(t) = -t**2 + 254*t - 3357. Calculate m(240).
3
Let f(l) = 2*l**3 + 46*l**2 + 37*l - 9. Calculate f(0).
-9
Let g(o) = -3347*o + 93706. Calculate g(28).
-10
Let d(q) = q**3 + 27*q**2 + 75*q - 244. What is d(-22)?
526
Let c(n) = -23941*n - 95778. Determine c(-4).
-14
Let l(b) = -b**3 + 45*b**2 + 1286*b + 306. Calculate l(65).
-604
Let d(k) = -116*k**2 + 41761*k - 339. What is d(360)?
21
Let c(p) = 218*p**2 - 128*p - 179. What is c(-1)?
167
Let p(s) = -8320*s - 191389. Determine p(-23).
-29
Let v(m) = -10*m**2 + 4949*m + 45869. Calculate v(504).
5
Let u(a) = -3501*a + 20993. Calculate u(6).
-13
Let p(t) = -35171*t + 773814. What is p(22)?
52
Let a(c) = -3*c**3 - 2*c**2 - 1478*c + 4416. Give a(3).
-117
Let c(i) = -14*i**2 - 1095*i - 20259. Determine c(-30).
-9
Let v(o) = -705*o + 53674. Calculate v(76).
94
Let s(z) = 23*z**2 + 951*z - 13. What is s(0)?
-13
Let y(u) = 4*u**3 - 760*u**2 - 762*u - 994. Determine y(191).
-612
Let v(a) = -19*a**2 - 9341*a - 560764. Calculate v(-70).
6
Let k(r) = 504*r + 24183. Calculate k(-48).
-9
Let c(k) = -2*k**2 - 63*k - 22. Determine c(7).
-561
Let h(m) = 13*m**2 - 78*m - 946. Give h(12).
-10
Let g(d) = -2*d**3 - 348*d**2 - 673*d - 56575. Determine g(-173).
-4
Let g(k) = 1579301*k - 18951597. Calculate g(12).
15
Let b(n) = 1314*n - 211539. Give b(161).
15
Let x(g) = -g**3 - 126*g**2 + 780*g - 1813. Determine x(-132).
-229
Let w(x) = -5283*x - 42244. What is w(-8)?
20
Let v(m) = -3*m**2 + 293*m - 4641. Give v(20).
19
Let t(w) = -2*w**2 - 32*w + 100. Determine t(-26).
-420
Let n(t) = t**3 - 25*t**2 - 3869*t - 480. Calculate n(76).
52
Let c(n) = -37021*n**2 - 259149*n - 14. Calculate c(-7).
0
Let l(u) = 1547*u**2 + 3104*u + 3. Give l(-2).
-17
Let j(z) = z**3 - 41*z**2 + 4617*z - 114470. Determine j(27).
-17
Let x(l) = 53*l**3 + 5406*l**2 + 54*l + 5507. Determine x(-102).
-1
Let y(z) = -z**2 - 1625*z + 56396. Give y(34).
-10
Let i(y) = 173*y**2 - 32344*y - 1277. Determine i(187).
32
Let f(p) = -19*p**2 - 541*p + 14. What is f(0)?
14
Let w(g) = 4*g**3 + 62*g**2 + 40*g + 187. Determine w(-15).
37
Let t(h) = -15*h**2 - 1199*h - 3209. What is t(-77)?
179
Let w(n) = n**2 - 34*n - 208. Determine w(31).
-301
Let n(q) = -23114*q + 277538. Calculate n(12).
170
Let w(u) = -15*u**2 + 2378*u - 56400. Calculate w(29).
-53
Let k(h) = 7*h**2 + 183*h - 2445. Calculate k(-36).
39
Let t(q) = 2*q**2 - 904*q + 61105. Give t(369).
-149
Let s(k) = k**3 + 214*k**2 + 67*k - 2. What is s(0)?
-2
Let d(j) = 1347*j + 74. Give d(-1).
-1273
Let v(u) = 489*u**2 + 2822*u + 3472. Calculate v(-4).
8
Let l(o) = -o**3 + 9*o**2 + 112*o - 1346. Determine l(17).
-1754
Let u(t) = t**3 + 143*t**2 - 6660*t + 599. Give u(-180).
599
Let s(d) = -d**3 + 35*d**2 + 2073*d - 73365. Give s(36).
-33
Let j(h) = 7*h**3 - 305*h**2 - 420*h - 1352. Calculate j(45).
-2
Let w(l) = -1394*l - 14541. Calculate w(-9).
-1995
Let t(r) = 5*r**2 + 144*r + 643. Calculate t(-24).
67
Let n(l) = 44892*l + 763187. Calculate n(-17).
23
Let i(w) = -w**2 - 54*w + 906. Give i(-68).
-46
Let n(c) = -c**3 - 555*c**2 + 20025*c - 580. Give n(-589).
9
Let s(v) = 29*v**2 + 482*v + 6. Give s(0).
6
Let i(l) = 93716*l + 187428. What is i(-2)?
-4
Let o(w) = -19606*w - 58844. Determine o(-3).
-26
Let v(r) = -6051*r + 78717. Give v(13).
54
Let v(x) = -25785585*x + 25785583. What is v(1)?
-2
Let z(u) = -113*u**2 + 2279*u - 324. Give z(20).
56
Let r(z) = -z**3 - 26*z**2 - 143*z - 771. Determine r(-6).
-633
Let b(p) = p**3 - 168*p**2 - 15430*p + 924. Determine b(-66).
0
Let c(b) = 635*b + 487673. Determine c(-768).
-7
Let r(s) = -25*s**2 + 3260*s + 13026. Determine r(-4).
-414
Let t(a) = -1236*a - 166869. Calculate t(-135).
-9
Let b(o) = 12*o**2 - 1081*o - 5710. Calculate b(-5).
-5
Let j(o) = o**3 + 8*o**2 - 571*o - 4504. What is j(-8)?
64
Let a(z) = -7*z**2 - 39*z + 120. Give a(-17).
-1240
Let h(w) = -w**3 - 425*w**2 + 1461*w - 484881. Determine h(-431).
-6
Let r(g) = 572274*g + 31475063. What is r(-55)?
-7
Let z(t) = -59556*t + 893351. Give z(15).
11
Let x(w) = 15*w**3 + 299*w**2 + 74*w + 1722. What is x(-20)?
-158
Let s(a) = 123*a**2 - 1020*a + 360. Determine s(8).
72
Let w(p) = -79*p**2 - 57585*p + 4425. What is w(-729)?
51
Let a(b) = -5*b**2 + 1846*b + 119145. Calculate a(-56).
89
Let o(z) = -z**3 + 122*z**2 - 599*z + 1534. Determine o(117).
-104
Let o(t) = 4771311*t + 23856556. Determine o(-5).
1
Let n(v) = 2*v**3 - 1316*v**2 + 2999*v + 609810. What is n(655)?
5
Let w(o) = -155*o + 11286. Calculate w(70).
436
Let y(b) = b**3 + 25*b**2 - 31*b + 201. What is y(-26)?
331
Let f(c) = 16*c**3 - 97*c**2 - 38*c + 179. What is f(6)?
-85
Let y(k) = -160*k + 27395. What is y(171)?
35
Let v(s) = -9*s**2 - 1140*s - 17. Determine v(6).
-7181
Let a(m) = -3*m**3 + 53*m**2 - 287*m + 748. What is a(11)?
11
Let u(t) = t**3 - 15*t**2 - 98*t + 1519. What is u(17)?
431
Let b(z) = -16*z**3 - 2*z**2 - 13*z + 4. Give b(4).
-1104
Let t(x) = 141*x - 4885. What is t(26)?
-1219
Let f(s) = -25573*s + 179924. Calculate f(7).
913
Let o(c) = -170*c**2 + 1189*c + 7. Determine o(7).
0
Let p(i) = 1409*i + 254308. Give p(-181).
-721
Let y(r) = -122*r + 21830. What is y(179)?
-8
Let a(n) = 9*n**2 + 964*n + 23525. Calculate a(-70).
145
Let b(k) = -15*k**2 - 124*k - 904. Calculate b(-9).
-1003
Let b(f) = f**2 - 97281*f + 389109. Calculate b(4).
1
Let k(z) = 2*z**2 + 1247*z + 8690. Determine k(-7).
59
Let p(o) = 9*o**2 + 175*o + 2582. What is p(-17)?
2208
Let t(j) = -2017*j + 131756. Calculate t(65).
651
Let i(s) = -s**3 - 5*s**2 + 601*s + 1211. Determine i(-2).
-3
Let w(a) = 6906*a + 352156. Determine w(-51).
-50
Let x(s) = 3*s**2 + 4410*s - 48843. Give x(11).
30
Let r(j) = j**2 - 2393*j - 36144. Give r(-15).
-24
Let c(o) = 8*o**2 - 171*o + 947. Give c(6).
209
Let g(r) = -226*r - 8151. Determine g(-41).
1115
Let k(n) = -272*n - 24453. What is k(-89)?
-245
Let l(b) = b**2 - 542*b + 68397. Determine l(346).
581
Let s(p) = -p**2 - 4848*p + 2009068. Calculate s(384).
-20
Let q(j) = 2*j**2 + 318*j + 4738. Calculate q(-20).
-822
Let y(b) = -16*b**3 - 4286*b**2 + 529*b - 1873. Determine y(-268).
3
Let k(h) = 102*h**2 + 51*h - 211. Calculate k(4).
1625
Let h(u) = u**3 - 12*u**2 - 65*u + 51. What is h(-6)?
-207
Let g(p) = p**3 - 34*p**2 + 62*p + 842. What is g(31)?
-119
Let t(b) = -51*b**2 + 80*b + 98. What is t(-9)?
-4753
Let n(m) = m**2 + 13010*m + 233743. Give n(-18).
-113
Let z(f) = -15*f**2 + 1084*f - 369. Calculate z(72).
-81
Let v(f) = 103268*f - 310086. Calculate v(3).
-282
Let m(q) = q**3 + 57*q**2 - 1818*q - 5952. What is m(-3)?
-12
Let c(y) = 82*y - 6302. Determine c(69).
-644
Let v(f) = 241*f + 2700. What is v(-13)?
-433
Let i(k) = 2*k**3 - 22*k**2 - 239*k - 232. Calculate i(18).
2
Let x(g) = 2394*g + 21380. Determine x(-10).
-2560
Let v(n) = -n**3 - 1104*n**2 + 195139*n + 907. Determine v(155).
-23
Let v(q) = q**3 + 119*q**2 - 393*q + 133. Give v(-122).
3427
Let l(v) = -3*v**3 + 15*v**2 + 92*v + 198. Give l(-9).
2772
Let h(q) = q**3 - 68*q**2 + 1168*q + 762. What is h(30)?
1602
Let j(h) = h**3 + 3911*h**2 - 19565*h - 90. What is j(5)?
-15
Let n(p) = -2*p**3 + 158*p**2 + 2166*p + 1033. Calculate n(91).
-605
Let k(u) = -68*u**2 + 831*u + 5530. What is k(17)?
5
Let u(g) = 7673*g - 260890. What is u(34)?
-8
Let z(g) = g**3 + 187*g**2 - 1354*g + 1050. Determine z(-194).
274
Let n(v) = -2*v**3 - 264*v**2 - 993*v - 61479. Calculate n(-130).
11
Let d(s) = s**2 + 847795*s + 94940488. Determine d(-112).
-8
Let v(p) = 2479*p - 72838. Calculate v(29).
-947
Let w(o) = o**3 + 52*o**2 + 279*o + 200. Give w(-46).
62
Let c(g) = -1492*g**3 - 13*g**2 + 103*g + 115. Calculate c(-1).
1491
Let p(z) = 4*z**3 + 411*z**2 + 3715*z - 30. Calculate p(-10).
-80
Let r(u) = -u**3 + 116*u**2 + 757*u - 3107. Give r(122).
-57
Let d(w) = 4*w**3 + 83*w**2 + 345*w + 65. Determine d(-4).
-243
Let r(b) = 47*b**2 - 1110*b + 6770. Determine r(6).
1802
Let m(h) = -12479*h - 1048191. Determine m(-84).
45
Let x(o) = -1175*o**2 + 222073*o - 236. Calculate x(189).
-614
L